n divisor of r and s.
32
Suppose -102 = -303*d + 297*d. What is the highest common divisor of 3978 and d?
17
Let u = -121 - -134. Suppose u - 58 = -5*p. What is the highest common divisor of 1 and p?
1
Let j(z) = 2*z**2 + 10*z + 6. Let c be j(-5). Calculate the highest common factor of c and 10.
2
Suppose 4*n = -5 + 25. Suppose 0 = -c - 3*q + 12, 0 = -2*c - 2*q - q + 24. Suppose -10*y - 110 = -c*y. Calculate the highest common divisor of n and y.
5
Let f(h) = h**3 + 3*h**2 - 45*h - 8. Let w be f(-8). Calculate the highest common divisor of w and 16.
16
Let p(h) = -h**3 + 9*h**2 + 7*h + 9. Let i be p(10). Let q be 90/i*(-7 + 0). What is the highest common factor of 210 and q?
30
Let l = -17 - -9. Let y be (9/12)/(2/l). Let q be (-1)/(-3)*(y + 6). Calculate the highest common divisor of q and 3.
1
Suppose 2*z - 8 = -3*d + 3*z, d - z = 0. What is the highest common divisor of d and 146?
2
Suppose -5*s + k + 11 = -20, 4 = -4*k. Calculate the greatest common divisor of 318 and s.
6
Let k = -2318 - -2584. Let f be -3*((-56)/6)/2. What is the greatest common divisor of k and f?
14
Suppose 3*i + 12 = 3*t - 9, -2*t + 6 = 2*i. Let m = 9 - t. Suppose 3*n - 6 = -3*v, -m*v - 3*n = -n - 14. What is the highest common divisor of v and 15?
5
Let y be 8/(-10) + 98/35. Suppose 0 = 3*w - y*w - 407. What is the greatest common factor of w and 37?
37
Let m(o) = 9*o + 2. Let t(f) = -4*f - 1. Let q(n) = -2*m(n) - 5*t(n). Let r be q(2). Suppose -r*j + 9*j = 72. Calculate the greatest common factor of 54 and j.
18
Suppose 55 = -3*q + t - 90, t = 5*q + 239. Let b = 172 + q. Let a = -4171 + 4221. What is the highest common factor of b and a?
25
Suppose 2*y + 0*y = 808. Suppose 232 = -6*t - y. Let d = t - -246. Calculate the greatest common factor of 28 and d.
28
Let h(k) = -10*k + 14. Let g be h(-14). Suppose -5*v = 2*m - g, -5*v + 145 = -4*m + 3. Calculate the greatest common divisor of v and 75.
15
Let y(k) = 25*k**2 + 2*k + 3. Suppose 8*z - 4 = 36. Let a = z + -7. Let p be y(a). What is the greatest common factor of p and 11?
11
Let q be (-577)/3 - (-4)/3. Let z = q - -106. Let h = 177 + z. What is the highest common factor of 23 and h?
23
Let v = 5 - -53. What is the greatest common factor of 290 and v?
58
Let r be (-224)/(-5) + 1110/925. What is the greatest common factor of r and 4?
2
Let j be ((-1767)/62)/((-1)/(3*2)). What is the greatest common factor of 27 and j?
9
Suppose 5*j - m = -1613, 2*m = -2*j + 4*j + 642. Let u = -107 - j. What is the highest common factor of u and 24?
24
Suppose -4*w + 0*p + 38 = -2*p, -3*w - 5*p + 61 = 0. Suppose 3 = 4*s - 13. What is the greatest common factor of s and w?
4
Let b = 10 + 11. Suppose 55 = 4*f - 1. What is the greatest common factor of b and f?
7
Let t = 20 + -19. Let o = t + 3. Let m = 29 - 9. Calculate the greatest common divisor of o and m.
4
Suppose -p = -2*r - r + 21, -5*r - 4*p + 52 = 0. Suppose -2*y + 20 - r = 0. Calculate the highest common divisor of 6 and y.
6
Suppose -2*l + 0*l + 22 = 0. Let t(y) = y**3 - 4*y**2 - 2*y + 17. Let a be t(6). What is the highest common factor of l and a?
11
Let i be (-360)/21*-3*(37 + -9). Calculate the highest common factor of i and 45.
45
Let b be (-4)/1 + (12 - 4 - 3). What is the highest common divisor of b and 4?
1
Let r be (-2)/4*(-26 + 12). Suppose -r*v = -136 - 116. What is the greatest common factor of v and 27?
9
Suppose -k = 2 + 22. Let h = -9 - k. Calculate the greatest common factor of 75 and h.
15
Let h be 75*12/(-36)*(-28)/10. Calculate the greatest common factor of 42 and h.
14
Suppose y = 5*z - 4*y - 1600, 633 = 2*z + 5*y. Calculate the greatest common divisor of z and 11.
11
Let n = 86 + -1. Let t = -335 + 369. Calculate the greatest common divisor of t and n.
17
Suppose 4*q + 3*x + 9 = 75, 0 = 2*q - x - 28. Calculate the highest common factor of q and 1230.
15
Suppose -3*i - 21 = 4*l, 2*i - 4*l = -5*l - 19. Let r = i + 7. Let s be (-76)/(-8) - (-2)/r. Calculate the highest common factor of s and 81.
9
Suppose 4*u - 2*p = 248, -u - 22 + 84 = -5*p. Let h = 102 - u. Suppose -3*d + h = 2*d. Calculate the highest common divisor of 40 and d.
8
Suppose 18*z - 1051 - 713 = 0. Suppose 2*a - 38 = -3*i - 7, a - 2*i = 12. What is the highest common divisor of a and z?
14
Let j be (-18)/4 - (-6)/12. Let i be (j/(-1))/((-2)/(-10)*2). Calculate the highest common divisor of 30 and i.
10
Suppose 5*o + d - 106 = 0, 2*o - 4*d - 37 = d. Calculate the highest common factor of 21 and o.
21
Let o(p) = p**2 - 5*p + 3. Let c be o(6). Suppose -20 = 3*t + 5*j + c, j + 1 = 0. Let d = t + 20. Calculate the greatest common factor of d and 120.
12
Let t(h) = 6*h**3 - 3*h**2 - 22*h + 44. Let k be t(2). Let x(r) = -9*r. Let l be x(-2). What is the greatest common factor of k and l?
18
Suppose 2*t + 164 = -126. Let d = t + 337. Let s = -3 - -27. Calculate the highest common divisor of d and s.
24
Let t(l) = l**3 - 5*l**2 + 5*l. Suppose 4*w + 0*u - 4 = -4*u, -5*w + 2*u = -26. Let y be t(w). Calculate the greatest common divisor of y and 28.
4
Suppose -x = 2*x - 18. Let l(j) = -9*j + 6 + 4*j + 0*j + j. Let f be l(-3). What is the greatest common factor of f and x?
6
Let d(u) = 4*u + 117. Let i be d(-28). What is the greatest common factor of 15 and i?
5
Let r = -19 - -17. Let w = 4 - r. Let x = w - 4. Calculate the greatest common factor of x and 3.
1
Let z = -7 - -7. Suppose y - 2 = -z. Let x be 3/y - 1038/(-12). Calculate the greatest common divisor of x and 8.
8
Let p be (-12)/(-16) - (-78)/(-8). Let r(m) = 4*m. Let l be r(1). Let g be p/l*32/(-3). Calculate the highest common factor of g and 60.
12
Suppose -5*u + 517 = 4*s, 69 + 252 = 3*u - 3*s. What is the highest common divisor of 189 and u?
21
Suppose -19*d + 17*d = -160. Calculate the greatest common factor of 620 and d.
20
Let q = 38 + 295. Suppose 0 = -2*x + g + q, 492 + 318 = 5*x + 5*g. Calculate the greatest common divisor of 15 and x.
15
Let i(f) = f**2 + 7*f - 27. Suppose -3*h = -4*h + 3*w - 9, 3*h + 3*w = 33. Let y be i(h). What is the greatest common factor of y and 68?
17
Suppose 4*o + 0 = 308. Suppose 3*b = 5*k - o, k = 2*b + 6 + 8. Let j(y) = 2*y**2 + 26*y + 40. Let r be j(-13). What is the greatest common divisor of k and r?
8
Suppose -825 = -w + 29*w - 993. Suppose 0 = u + 4*m - 12, 2*m = 3*u + 2 - 38. Calculate the highest common divisor of w and u.
6
Let n be (24/10)/(12/60). Calculate the greatest common divisor of 108 and n.
12
Suppose 4*q = 2*l - 88, 121 + 85 = 5*l + 4*q. What is the greatest common factor of 315 and l?
21
Let j(k) = k**2 + 11*k + 1. Let o be j(-11). Suppose x - o - 1 = 0. Suppose 3*w - 5*m = 83, -x*w = 2*m + 1 - 35. What is the greatest common divisor of 7 and w?
7
Let a(v) = v**3 + 5*v**2 - 7*v - 4. Let y be a(-6). Let n be ((-1)/(-2))/(y/72). Let s = n - -6. What is the greatest common divisor of s and 8?
8
Let h = -960 + 1215. Calculate the greatest common factor of 60 and h.
15
Let n(p) = -p**3 - 20*p**2 - 38*p - 32. Let j be n(-18). What is the highest common factor of 100 and j?
4
Suppose 2*z + 692 = i, -9*i - 1374 = -11*i + 2*z. What is the greatest common factor of i and 22?
22
Let x be (-3430)/(-5 + -2) + -6 + 11. What is the highest common divisor of 45 and x?
45
Let m = 14 - 11. Suppose 2*b + 14 = 4*x, 7*b - 3*b + 6 = -m*x. Suppose x*t = 3 + 19. Calculate the highest common factor of 99 and t.
11
Let o = -471 + 475. Let a = 28 + 29. Let m = -25 + a. What is the highest common divisor of m and o?
4
Suppose -3*p - 5*k = -1000, 293*k - 298*k = 4*p - 1330. Calculate the highest common divisor of p and 30.
30
Let r = -60 + 96. Calculate the greatest common factor of 45 and r.
9
Suppose 0 = 22*v - 1584 - 1672. Calculate the highest common factor of 4 and v.
4
Suppose 2*y + 3*v = 8, -y + 3*v + 34 = 3*y. Let i = y + 12. What is the highest common divisor of 76 and i?
19
Suppose 0 = -4*u - 6 + 14. Suppose -a + m = -m + u, -4*m - 2 = a. Let k be -9 - -7 - 26/a. Calculate the greatest common divisor of 44 and k.
11
Let s be (-9)/(-6)*(-42)/(-9). Suppose -s*w + 8 = -5*w. Suppose 0 = -w*d + t + 36, 10 = -d + 4*t + t. Calculate the highest common factor of d and 15.
5
Suppose 9*f - 160 = f. Let c(h) = 5*h**2 - h - 2. Let i be c(-1). Calculate the greatest common divisor of i and f.
4
Let t(m) = -7*m